{"id":3333,"date":"2025-01-23T11:51:41","date_gmt":"2025-01-23T10:51:41","guid":{"rendered":"https:\/\/schicotex.de\/teambekleidung\/?post_type=product&#038;p=3333"},"modified":"2025-09-23T13:27:58","modified_gmt":"2025-09-23T11:27:58","slug":"rewe-express-schuerze","status":"publish","type":"product","link":"https:\/\/schicotex.de\/teambekleidung\/produkt\/rewe-express-schuerze\/","title":{"rendered":"REWE Express Sch\u00fcrze"},"content":{"rendered":"","protected":false},"excerpt":{"rendered":"<p><strong>Stoff:<\/strong> Latzsch\u00fcrze Einheitsgr\u00f6\u00dfe Mischgebe 35% Baumwolle\/ 65% Polyester, waschbar bis 75\u00b0 C. trocknergeeignet<br \/>\n<strong>Ma\u00dfe:<\/strong> ca. 97 cm x ca. 78 cm Taschen auf dem Bund, Vollstick Logo Rias auf der Brust.<\/p>\n","protected":false},"featured_media":3417,"template":"","meta":{"wds_primary_product_brand":0,"wds_primary_product_cat":0},"product_brand":[],"product_cat":[127],"product_tag":[],"class_list":{"0":"post-3333","1":"product","2":"type-product","3":"status-publish","4":"has-post-thumbnail","6":"product_cat-rewe-express","8":"first","9":"instock","10":"taxable","11":"shipping-taxable","12":"purchasable","13":"product-type-simple"},"_links":{"self":[{"href":"https:\/\/schicotex.de\/teambekleidung\/wp-json\/wp\/v2\/product\/3333","targetHints":{"allow":["GET"]}}],"collection":[{"href":"https:\/\/schicotex.de\/teambekleidung\/wp-json\/wp\/v2\/product"}],"about":[{"href":"https:\/\/schicotex.de\/teambekleidung\/wp-json\/wp\/v2\/types\/product"}],"wp:featuredmedia":[{"embeddable":true,"href":"https:\/\/schicotex.de\/teambekleidung\/wp-json\/wp\/v2\/media\/3417"}],"wp:attachment":[{"href":"https:\/\/schicotex.de\/teambekleidung\/wp-json\/wp\/v2\/media?parent=3333"}],"wp:term":[{"taxonomy":"product_brand","embeddable":true,"href":"https:\/\/schicotex.de\/teambekleidung\/wp-json\/wp\/v2\/product_brand?post=3333"},{"taxonomy":"product_cat","embeddable":true,"href":"https:\/\/schicotex.de\/teambekleidung\/wp-json\/wp\/v2\/product_cat?post=3333"},{"taxonomy":"product_tag","embeddable":true,"href":"https:\/\/schicotex.de\/teambekleidung\/wp-json\/wp\/v2\/product_tag?post=3333"}],"curies":[{"name":"wp","href":"https:\/\/api.w.org\/{rel}","templated":true}]}}